se -404*k + 415095 = -86269. Calculate the highest common divisor of k and 803.
73
Let q be 8/6 - (-119596)/348. What is the greatest common divisor of q and 4255?
115
Suppose 8*q = 5*g - 977, -g - 20*q + 17*q = -177. Calculate the highest common divisor of 27 and g.
27
Let p be (-29)/(-58) + 286/4. Calculate the highest common factor of 6948 and p.
36
Let d(o) = 27*o**2 - 47*o - 36. Let a be d(13). Calculate the highest common divisor of 44 and a.
44
Let z(f) = 0*f + 18 - 4 + f. Let k be z(6). Let y = 1083 + -1068. What is the highest common factor of y and k?
5
Let w = 67410 + 35590. Let o be (-2)/(-14) - (w/70)/(-4). What is the greatest common factor of o and 46?
46
Let l be 35/((-175)/90) + 1272. What is the greatest common factor of l and 110?
22
Suppose -2*r = -3*r + 84. Suppose 2 = -3*o + 3*v - 19, -3 = 3*o + 3*v. Let a be (4/(-3))/(o/r). Calculate the highest common divisor of 14 and a.
14
Let j be (-15)/(-2)*144/27. Let y(m) = m**3 + 21*m**2 - 391*m - 63. Let w be y(13). Calculate the greatest common factor of w and j.
40
Suppose -11213 = 10*a - 13853. What is the greatest common factor of 297 and a?
33
Suppose -2*k - 8*n + 3*n = 17, 4*k - 1 = -3*n. Let x be (-7)/(1*k/(-20)). What is the highest common divisor of x and 35?
35
Suppose -2*b = -2*h - b + 2, 4*b - 19 = -h. Suppose 5*q - 6 = -4*d + 24, -q + h*d + 6 = 0. Calculate the greatest common factor of 30 and q.
6
Suppose 26 = -4*t + 34. Suppose 2*f = n + 3*n + 8, 0 = -3*f + t*n - 8. Let j be (144/15)/((f/(-20))/1). What is the greatest common factor of 40 and j?
8
Let b = -871 + 1255. Let s = 75 - 80. Let o be 6/(5/s)*-8. Calculate the greatest common factor of b and o.
48
Let l = 275 + -197. Let g(r) = 6*r**2 + 106*r + 1332. Let k be g(-15). Calculate the greatest common factor of l and k.
78
Let a = -14 + -18. Let h = a + 50. Suppose 0 = 5*d + 5*p - 65, 4*p + 1 = -19. Calculate the greatest common factor of d and h.
18
Suppose 778*d + 9261 = 799*d. What is the greatest common divisor of d and 72?
9
Let l(j) = j**2 - j - 3. Let p be l(-2). What is the greatest common factor of p and 1149?
3
Suppose -8*j = -245 + 965. Let t = 48 - j. Calculate the greatest common factor of t and 6.
6
Let l(c) = -c**3 - 6*c**2 + c - 9. Let k be l(-7). Let b = 822 - 459. What is the highest common divisor of k and b?
33
Suppose 0 = -x - 4*n + 4, 2*n + 333 = 2*x + 315. What is the greatest common factor of x and 3756?
4
Let p = 156 + 674. Let n = -412 + p. What is the highest common factor of n and 22?
22
Let p(n) = -10*n**3 + 22*n**2 - 40*n - 207. Let c be p(-5). What is the greatest common factor of c and 77?
11
Let y = -1925 - -2663. What is the greatest common factor of 162 and y?
18
Let m(x) = 18*x + 6. Let o be m(7). Suppose -56*y = -161*y + 50820. What is the greatest common factor of y and o?
44
Let r be 0 + (14/1 - 0). Suppose 24 = 11*d - 0*a + a, 0 = 5*d + a - 18. Calculate the highest common factor of d and r.
1
Suppose -7*f + 5588 + 85016 = 11532. Calculate the greatest common divisor of f and 64.
32
Let k(x) = -x**3 + 56*x**2 - 126*x - 43. Let d be k(45). What is the greatest common factor of 98 and d?
98
Let v be ((11*-20)/(-5))/1. Let d be 26 + (12/(-22) - 152/v). What is the greatest common divisor of 77 and d?
11
Suppose -2*d + 10 = 0, 3*d + 0*d - 679 = -4*l. Calculate the greatest common factor of l and 16.
2
Let g be (8/5)/(-1*(-5)/(-150)). Let o = 58 + g. Calculate the greatest common factor of o and 25.
5
Suppose 5*m - 4*g - 4044 - 873 = 0, 3*g - 972 = -m. Let y = -693 + m. What is the greatest common divisor of 32 and y?
32
Let w(b) = 8*b**3 - 7*b**2 + 14*b - 11. Let x be w(3). Calculate the highest common divisor of x and 115.
23
Let s be (22 - (-2928)/28) + 75/(-21) + 3. What is the greatest common divisor of 8064 and s?
126
Let i(j) = 2*j**3 + 4*j**2 - 4*j + 2. Let k be i(2). Let b be 29/((-174)/132) - -204. What is the greatest common factor of b and k?
26
Let v(i) = -2*i**2 - 12*i + 62. Let r be v(-5). Let m be 12/(-30)*(3 - 23). What is the highest common factor of m and r?
8
Let y = 42 - -14. Let p = y - 56. Suppose p = -4*u - 9*u + 39. What is the greatest common factor of 9 and u?
3
Suppose -82*p - 109*p - 3*p = -858450. What is the highest common divisor of 150 and p?
75
Suppose -504 = -46*w + 37*w. Let r = -878 + 1270. Calculate the highest common factor of w and r.
56
Let k(m) = -2*m**3 - 17*m**2 + 45*m + 476. Let l be k(-12). Calculate the highest common factor of 112 and l.
16
Let y be (-600)/(-17 + 9)*5/(75/6). What is the greatest common factor of 192 and y?
6
Let a be (-18716)/(-130) + (-52)/(-1690). What is the highest common factor of a and 24336?
144
Let t be ((-4)/(-12))/((5/45)/1). Suppose 45 = 3*q - 5*d, 8*d = 7*d + t. What is the highest common divisor of 65 and q?
5
Let l = -25 - -63. What is the greatest common factor of l and 1159?
19
Let w(l) = -l**3 - 38*l**2 - 37*l + 27. Suppose 19 = -g - 18. Let m be w(g). Calculate the highest common factor of m and 36.
9
Let h(s) = 6*s**2 - 1 + 0 - 5*s**2. Suppose u = -3*q + 2*q - 6, -3*q + 5*u = -14. Let t be h(q). What is the greatest common divisor of t and 3?
3
Let r = -164 + 175. Suppose -r*p = -14*p + 18. What is the highest common divisor of 36 and p?
6
Suppose 15*r - 8520 + 750 = 0. What is the greatest common divisor of 111 and r?
37
Let o be 2/(-5) - 6858/(-45). Let l be 75/4 + 6/24. What is the highest common divisor of o and l?
19
Suppose -4*v + 8*v = 156. Let b = v + -71. Let s = -20 - b. Calculate the greatest common divisor of s and 12.
12
Let z be 7/((-98)/(-9807)) + (-2 - 7)/18. Calculate the highest common divisor of z and 616.
28
Suppose 2*v + 4*v - v = 0. Let c(p) = -12*p**2 + v*p**3 + 6*p - 2*p + 11*p + p**3 + 1. Let j be c(11). What is the highest common factor of j and 5?
5
Let d(h) = -760*h + 762*h - 2 + 4. Let r = -25 - -36. Let p be d(r). Calculate the highest common divisor of p and 16.
8
Let w(d) = 915*d - 648. Let v be w(2). What is the highest common divisor of 9 and v?
3
Let v(s) = 308*s - 9764. Let u be v(32). Calculate the greatest common factor of u and 45908.
92
Let u be 3/2*(-16)/(-12). Suppose -2*g = -u*b - 5*g + 1, -5*b + g + 45 = 0. What is the greatest common factor of 328 and b?
8
Suppose 4*s + 4*j = 12, 2*j - 9 = -3*s - 1. Suppose -s*d = -403 - 155. What is the greatest common divisor of 9 and d?
9
Let b = 186 - 183. Suppose -b*y - 168 = -9*y. What is the highest common divisor of 16 and y?
4
Let p(m) = 2*m**2 + 19*m + 10. Let g be p(-9). Let j be g/(1/5 + (-8)/90). Suppose 18 = j*s - 8*s. What is the greatest common factor of s and 12?
6
Let y(k) = k**2 + 265*k + 1333. Let c be y(-5). What is the greatest common divisor of c and 8613?
33
Suppose 0 = 6*v + 36 + 6. Let x(b) = -b**3 - 8*b**2 - 15*b - 6. Let r be x(v). Calculate the greatest common factor of 200 and r.
50
Let g = -16254 + 16291. What is the greatest common factor of g and 8769?
37
Let r(n) = 22*n**2 + 3*n - 9. Let o = 1344 - 1341. Let v be r(o). Let y = 43 + -21. Calculate the greatest common factor of v and y.
22
Let d(x) = 2*x**2 - 7*x + 39. Let i be d(0). Suppose 0 = 36*l - i*l + 42. What is the greatest common divisor of 91 and l?
7
Let a be 8/32 - (38/8)/(-1). Suppose 2*t + 616 = 6*t - a*b, 462 = 3*t - 4*b. Calculate the highest common factor of 28 and t.
14
Suppose 5*k - 202 = 6*v - 7*v, -2*k = 4. Suppose -131 = 9*j - v. Suppose 2*w - 14 - 4 = 0. Calculate the greatest common factor of j and w.
9
Suppose 515*y = 519*y. Suppose b + y = 12. Calculate the greatest common divisor of 300 and b.
12
Let h(g) be the second derivative of g**4/12 - 3*g**3/2 - 26*g**2 + 101*g. Let p be h(16). What is the highest common divisor of 12 and p?
12
Let p be (-10)/(-4)*1300/250. Suppose -p*q - 48 = -25*q. Let o be 0 - (2 - 2) - -14. Calculate the greatest common divisor of o and q.
2
Let x be 5276/10 - 4/(-10). Let b = -61290 - -61356. Calculate the highest common divisor of b and x.
66
Let u = 3356 - 3296. Calculate the greatest common factor of u and 885.
15
Let m be (0 + 1)/(2/46). Let h(t) = t**2 - 11. Let x be h(-4). Suppose -x*f + 109 = -6. What is the greatest common divisor of m and f?
23
Let l = -1384 - -965. Let v = 741 + l. What is the highest common divisor of v and 46?
46
Suppose 0 = -2*s - 3 - 3, h - 